
{"id":321,"date":"2015-09-25T06:40:00","date_gmt":"2015-09-25T06:40:00","guid":{"rendered":"http:\/\/wpweb-prod.rtu.lv\/universitasuasociacija\/?page_id=321"},"modified":"2022-12-21T12:19:58","modified_gmt":"2022-12-21T12:19:58","slug":"kontakti","status":"publish","type":"page","link":"https:\/\/lvua.lv\/?page_id=321","title":{"rendered":"KONTAKTI"},"content":{"rendered":"\n<style type=\"text\/css\" data-created_by=\"avia_inline_auto\" id=\"style-css-av-6v6e9-bdf991a5d5159e6603279a60a1639114\">\n#top .av_textblock_section.av-6v6e9-bdf991a5d5159e6603279a60a1639114 .avia_textblock{\nfont-size:16px;\n}\n<\/style>\n<section  class='av_textblock_section av-6v6e9-bdf991a5d5159e6603279a60a1639114 '   itemscope=\"itemscope\" itemtype=\"https:\/\/schema.org\/CreativeWork\" ><div class='avia_textblock'  itemprop=\"text\" ><p style=\"margin: 0px 0px 20px;text-align: center\"><strong><span style=\"color: black\">LATVIJAS UNIVERSIT\u0100\u0160U ASOCI\u0100CIJA<\/span><\/strong><\/p>\n<\/div><\/section>\n\n<style type=\"text\/css\" data-created_by=\"avia_inline_auto\" id=\"style-css-av-1qbx41-0610d1f75d3c10c86a93e6d43e3e144d\">\n.avia-image-container.av-1qbx41-0610d1f75d3c10c86a93e6d43e3e144d img.avia_image{\nbox-shadow:none;\n}\n.avia-image-container.av-1qbx41-0610d1f75d3c10c86a93e6d43e3e144d .av-image-caption-overlay-center{\ncolor:#ffffff;\n}\n<\/style>\n<div  class='avia-image-container av-1qbx41-0610d1f75d3c10c86a93e6d43e3e144d av-styling- avia-align-center  avia-builder-el-1  el_after_av_textblock  el_before_av_textblock '   itemprop=\"image\" itemscope=\"itemscope\" itemtype=\"https:\/\/schema.org\/ImageObject\" ><div class=\"avia-image-container-inner\"><div class=\"avia-image-overlay-wrap\"><img decoding=\"async\" fetchpriority=\"high\" class='wp-image-1079 avia-img-lazy-loading-not-1079 avia_image ' src=\"https:\/\/wpweb-prod.rtu.lv\/universitasuasociacija\/wp-content\/uploads\/sites\/16\/2022\/05\/A.-Zeps_photo-1-200x300.png\" alt='' title='A. Zeps_photo'  height=\"300\" width=\"200\"  itemprop=\"thumbnailUrl\" srcset=\"https:\/\/wpweb-prod.rtu.lv\/universitasuasociacija\/wp-content\/uploads\/sites\/16\/2022\/05\/A.-Zeps_photo-1-200x300.png 200w, https:\/\/wpweb-prod.rtu.lv\/universitasuasociacija\/wp-content\/uploads\/sites\/16\/2022\/05\/A.-Zeps_photo-1.png 300w\" sizes=\"(max-width: 200px) 100vw, 200px\" \/><\/div><\/div><\/div>\n<section  class='av_textblock_section av-1lstyx-0557367df6791c1eec82aff6655dc4d6 '   itemscope=\"itemscope\" itemtype=\"https:\/\/schema.org\/CreativeWork\" ><div class='avia_textblock'  itemprop=\"text\" ><p style=\"text-align: center\"><strong>Art\u016brs Zeps<\/strong><\/p>\n<p style=\"text-align: center\">Izpilddirektors<\/p>\n<\/div><\/section>\n\n<style type=\"text\/css\" data-created_by=\"avia_inline_auto\" id=\"style-css-av-1hj0xl-2ac3dd08f28a3fa880864d562388d36f\">\n#top .hr.hr-invisible.av-1hj0xl-2ac3dd08f28a3fa880864d562388d36f{\nheight:150px;\n}\n<\/style>\n<div  class='hr av-1hj0xl-2ac3dd08f28a3fa880864d562388d36f hr-invisible  avia-builder-el-3  el_after_av_textblock  el_before_av_layout_row  avia-builder-el-last '><span class='hr-inner '><span class=\"hr-inner-style\"><\/span><\/span><\/div>\n<\/div><\/div><\/div><!-- close content main div --><\/div><\/div><div id='av-layout-grid-1'  class='av-layout-grid-container av-1bd5a1-a7d609d96518f6ac48acf5950a2f06e6 entry-content-wrapper main_color av-flex-cells  avia-builder-el-4  el_after_av_hr  avia-builder-el-last  grid-row-not-first  container_wrap sidebar_right'  >\n\n<style type=\"text\/css\" data-created_by=\"avia_inline_auto\" id=\"style-css-av-11y9fl-e5b997cd3aae0e9ea18cd538ada67d26\">\n.flex_cell.av-11y9fl-e5b997cd3aae0e9ea18cd538ada67d26{\nvertical-align:top;\nbackground-color:#dbdbdb;\n}\n.responsive #top #wrap_all .flex_cell.av-11y9fl-e5b997cd3aae0e9ea18cd538ada67d26{\npadding:30px 30px 30px 30px !important;\n}\n<\/style>\n<div class='flex_cell av-11y9fl-e5b997cd3aae0e9ea18cd538ada67d26 av-gridrow-cell av_one_half no_margin  avia-builder-el-5  el_before_av_cell_one_half  avia-builder-el-first '  ><div class='flex_cell_inner'><p><div  class='flex_column av-wa01d-a40a624df32670d8174fdc810b3db178 av_one_half  avia-builder-el-6  el_before_av_one_half  avia-builder-el-first  first flex_column_div  '     ><\/div><div  class='flex_column av-onl6h-2daab98e8ca8813ac6c8433231d5430d av_one_half  avia-builder-el-7  el_after_av_one_half  avia-builder-el-last  flex_column_div  '     ><style type=\"text\/css\" data-created_by=\"avia_inline_auto\" id=\"style-css-av-kjpvl-cd90589f7405ba5f469ab232e2c4d56d\">\n.iconbox.av-kjpvl-cd90589f7405ba5f469ab232e2c4d56d .iconbox_icon{\ncolor:#777777;\n}\n#top #wrap_all .iconbox.av-kjpvl-cd90589f7405ba5f469ab232e2c4d56d .iconbox_content_title{\ncolor:#777777;\n}\n<\/style>\n<article  class='iconbox iconbox_left av-kjpvl-cd90589f7405ba5f469ab232e2c4d56d  avia-builder-el-8  avia-builder-el-no-sibling '  itemscope=\"itemscope\" itemtype=\"https:\/\/schema.org\/CreativeWork\" ><div class=\"iconbox_content\"><header class=\"entry-content-header\" aria-label=\"Icon: T\u0101lrunis: +371 26566442\"><div class=\"iconbox_icon heading-color\" aria-hidden='true' data-av_icon='\ue854' data-av_iconfont='entypo-fontello'><\/div><h3 class='iconbox_content_title '  itemprop=\"headline\" >T\u0101lrunis: +371 26566442<\/h3><\/header><div class='iconbox_content_container '  itemprop=\"text\" ><\/div><\/div><footer class=\"entry-footer\"><\/footer><\/article><\/div><\/p>\n<\/div><\/div>\n<style type=\"text\/css\" data-created_by=\"avia_inline_auto\" id=\"style-css-av-4j21-97507d99b93eef11e8e42a7f0bd21193\">\n.flex_cell.av-4j21-97507d99b93eef11e8e42a7f0bd21193{\nvertical-align:top;\nbackground-color:#777777;\n}\n.responsive #top #wrap_all .flex_cell.av-4j21-97507d99b93eef11e8e42a7f0bd21193{\npadding:30px 30px 30px 30px !important;\n}\n<\/style>\n<div class='flex_cell av-4j21-97507d99b93eef11e8e42a7f0bd21193 av-gridrow-cell av_one_half no_margin  avia-builder-el-9  el_after_av_cell_one_half  avia-builder-el-last '  ><div class='flex_cell_inner'>\n<style type=\"text\/css\" data-created_by=\"avia_inline_auto\" id=\"style-css-av-9mxg1-cbb987966f16752323edb0d060cd2910\">\n.iconbox.av-9mxg1-cbb987966f16752323edb0d060cd2910 .iconbox_icon{\ncolor:#dbdbdb;\n}\n#top #wrap_all .iconbox.av-9mxg1-cbb987966f16752323edb0d060cd2910 .iconbox_content_title{\ncolor:#dbdbdb;\n}\n<\/style>\n<article  class='iconbox iconbox_left av-9mxg1-cbb987966f16752323edb0d060cd2910  avia-builder-el-10  avia-builder-el-no-sibling '  itemscope=\"itemscope\" itemtype=\"https:\/\/schema.org\/CreativeWork\" ><div class=\"iconbox_content\"><header class=\"entry-content-header\" aria-label=\"Icon: e-pasts: arturs.zeps {at} rtu.lv\"><a href='mailto:arturs.zeps@rtu.lv' title='e-pasts: arturs.zeps {at} rtu.lv' target=\"_blank\" rel=\"noopener noreferrer\" class=\"iconbox_icon heading-color\" aria-hidden='true' data-av_icon='\ue805' data-av_iconfont='entypo-fontello'><\/a><h3 class='iconbox_content_title '  itemprop=\"headline\" ><a href='mailto:arturs.zeps@rtu.lv' title='e-pasts: arturs.zeps {at} rtu.lv' target=\"_blank\" rel=\"noopener noreferrer\">e-pasts: arturs.zeps {at} rtu.lv<\/a><\/h3><\/header><div class='iconbox_content_container '  itemprop=\"text\" ><\/div><\/div><footer class=\"entry-footer\"><\/footer><\/article>\n<\/div><\/div>\n<\/div>\n","protected":false},"excerpt":{"rendered":"","protected":false},"author":26,"featured_media":0,"parent":0,"menu_order":0,"comment_status":"closed","ping_status":"open","template":"","meta":{"_monsterinsights_skip_tracking":false,"_monsterinsights_sitenote_active":false,"_monsterinsights_sitenote_note":"","_monsterinsights_sitenote_category":0,"footnotes":""},"class_list":["post-321","page","type-page","status-publish","hentry"],"meta_box":[],"_links":{"self":[{"href":"https:\/\/lvua.lv\/index.php?rest_route=\/wp\/v2\/pages\/321","targetHints":{"allow":["GET"]}}],"collection":[{"href":"https:\/\/lvua.lv\/index.php?rest_route=\/wp\/v2\/pages"}],"about":[{"href":"https:\/\/lvua.lv\/index.php?rest_route=\/wp\/v2\/types\/page"}],"author":[{"embeddable":true,"href":"https:\/\/lvua.lv\/index.php?rest_route=\/wp\/v2\/users\/26"}],"replies":[{"embeddable":true,"href":"https:\/\/lvua.lv\/index.php?rest_route=%2Fwp%2Fv2%2Fcomments&post=321"}],"version-history":[{"count":65,"href":"https:\/\/lvua.lv\/index.php?rest_route=\/wp\/v2\/pages\/321\/revisions"}],"predecessor-version":[{"id":1444,"href":"https:\/\/lvua.lv\/index.php?rest_route=\/wp\/v2\/pages\/321\/revisions\/1444"}],"wp:attachment":[{"href":"https:\/\/lvua.lv\/index.php?rest_route=%2Fwp%2Fv2%2Fmedia&parent=321"}],"curies":[{"name":"wp","href":"https:\/\/api.w.org\/{rel}","templated":true}]}}