
{"id":290,"date":"2015-09-25T05:57:12","date_gmt":"2015-09-25T05:57:12","guid":{"rendered":"http:\/\/wpweb-prod.rtu.lv\/universitasuasociacija\/?page_id=290"},"modified":"2015-10-05T07:32:04","modified_gmt":"2015-10-05T07:32:04","slug":"petijums","status":"publish","type":"page","link":"https:\/\/lvua.lv\/?page_id=290","title":{"rendered":"P\u0112T\u012aJUMS"},"content":{"rendered":"\n<style type=\"text\/css\" data-created_by=\"avia_inline_auto\" id=\"style-css-av-av_hr-0688d0b0b6ed2f8b057db7a8270206df\">\n#top .hr.hr-invisible.av-av_hr-0688d0b0b6ed2f8b057db7a8270206df{\nheight:50px;\n}\n<\/style>\n<div  class='hr av-av_hr-0688d0b0b6ed2f8b057db7a8270206df hr-invisible  avia-builder-el-0  el_before_av_four_fifth  avia-builder-el-first '><span class='hr-inner '><span class=\"hr-inner-style\"><\/span><\/span><\/div>\n<div  class='flex_column av-av_four_fifth-2a9015ff38129c418a3f2eafba3e9512 av_four_fifth  avia-builder-el-1  el_after_av_hr  el_before_av_one_fifth  first flex_column_div  '     ><p>\n<style type=\"text\/css\" data-created_by=\"avia_inline_auto\" id=\"style-css-av-av_heading-e651aca23d9cc40236da0ba19bd7f754\">\n#top .av-special-heading.av-av_heading-e651aca23d9cc40236da0ba19bd7f754{\npadding-bottom:10px;\n}\nbody .av-special-heading.av-av_heading-e651aca23d9cc40236da0ba19bd7f754 .av-special-heading-tag .heading-char{\nfont-size:25px;\n}\n.av-special-heading.av-av_heading-e651aca23d9cc40236da0ba19bd7f754 .av-subheading{\nfont-size:15px;\n}\n<\/style>\n<div  class='av-special-heading av-av_heading-e651aca23d9cc40236da0ba19bd7f754 av-special-heading-h3  avia-builder-el-2  el_before_av_textblock  avia-builder-el-first '><h3 class='av-special-heading-tag '  itemprop=\"headline\"  >P\u0113t\u012bjuma <span class='special_amp'>\u201e<\/span>Universit\u0101\u0161u ieguld\u012bjums Latvijas tautsaimniec\u012bb\u0101<span class='special_amp'>\u201d<\/span> rezult\u0101ti<\/h3><div class=\"special-heading-border\"><div class=\"special-heading-inner-border\"><\/div><\/div><\/div><br \/>\n<section  class='av_textblock_section av-av_textblock-0366cc7376be6c9e82a3e9cc8987b64f '   itemscope=\"itemscope\" itemtype=\"https:\/\/schema.org\/CreativeWork\" ><div class='avia_textblock'  itemprop=\"text\" ><p>Veiktaj\u0101 p\u0113t\u012bjum\u0101 atkl\u0101ti b\u016btiski fakti par augst\u0101k\u0101s izgl\u012bt\u012bbas att\u012bst\u012bbu un tiek sal\u012bdzin\u0101tas Latvijas augst\u0101k\u0101s izgl\u012bt\u012bbas att\u012bst\u012bbas tendences ar pasaules un Eiropas valstu augst\u0101k\u0101s izgl\u012bt\u012bbas sist\u0113m\u0101m un universit\u0101\u0161u darbu.<\/p>\n<p>Taj\u0101 padzi\u013cin\u0101ti skartas t\u0101das t\u0113mas k\u0101 augst\u0101k\u0101s izgl\u012bt\u012bbas eksports, speci\u0101listu ar augst\u0101ko izgl\u012bt\u012bbu piepras\u012bjuma un pied\u0101v\u0101juma prognoz\u0113\u0161ana darba tirg\u016b, universit\u0101ti regul\u0113jo\u0161ais tiesiskais ietvars, re\u0123ion\u0101lo universit\u0101\u0161u ietekme tautsaimniec\u012bb\u0101 u.c.<\/p>\n<\/div><\/section><br \/>\n\n<style type=\"text\/css\" data-created_by=\"avia_inline_auto\" id=\"style-css-av-av_heading-8fd879c0090d9942fae8fff974d7865c\">\n#top .av-special-heading.av-av_heading-8fd879c0090d9942fae8fff974d7865c{\npadding-bottom:10px;\n}\nbody .av-special-heading.av-av_heading-8fd879c0090d9942fae8fff974d7865c .av-special-heading-tag .heading-char{\nfont-size:25px;\n}\n.av-special-heading.av-av_heading-8fd879c0090d9942fae8fff974d7865c .av-subheading{\nfont-size:15px;\n}\n<\/style>\n<div  class='av-special-heading av-av_heading-8fd879c0090d9942fae8fff974d7865c av-special-heading-h3  avia-builder-el-4  el_after_av_textblock  el_before_av_iconlist '><h3 class='av-special-heading-tag '  itemprop=\"headline\"  >B\u016btisk\u0101kie p\u0113t\u012bjuma secin\u0101jumi<\/h3><div class=\"special-heading-border\"><div class=\"special-heading-inner-border\"><\/div><\/div><\/div><br \/>\n<div  class='avia-icon-list-container av-av_iconlist-c9265973fe37925e1675fd541a8fb5d9  avia-builder-el-5  el_after_av_heading  avia-builder-el-last '><ul class='avia-icon-list avia_animate_when_almost_visible avia-icon-list-left av-iconlist-big av-av_iconlist-c9265973fe37925e1675fd541a8fb5d9 avia-iconlist-animate'>\n<li><div class='iconlist_icon av-av_iconlist_item-c6391a91ef31fbe60cc63c7f0b55951e avia-font-entypo-fontello'><span class='iconlist-char' aria-hidden='true' data-av_icon='\ue812' data-av_iconfont='entypo-fontello'><\/span><\/div><article class=\"article-icon-entry \"  itemscope=\"itemscope\" itemtype=\"https:\/\/schema.org\/CreativeWork\" ><div class=\"iconlist_content_wrap\"><header class=\"entry-content-header\" aria-label=\"Icon: \"><\/header><div class='iconlist_content '  itemprop=\"text\" ><p>j\u0101veicina augst\u0101k\u0101s izgl\u012bt\u012bbas ieguvu\u0161o skaita pieaugums, jo t\u0101 tiek veicin\u0101ta valsts ekonomisk\u0101 un soci\u0101l\u0101 atdeve. M\u0113r\u0137is \u2013 augst\u0101k\u0101 izgl\u012bt\u012bba visiem;<\/p>\n<\/div><\/div><footer class=\"entry-footer\"><\/footer><\/article><div class=\"iconlist-timeline\"><\/div><\/li>\n<li><div class='iconlist_icon av-av_iconlist_item-c6391a91ef31fbe60cc63c7f0b55951e avia-font-entypo-fontello'><span class='iconlist-char' aria-hidden='true' data-av_icon='\ue812' data-av_iconfont='entypo-fontello'><\/span><\/div><article class=\"article-icon-entry \"  itemscope=\"itemscope\" itemtype=\"https:\/\/schema.org\/CreativeWork\" ><div class=\"iconlist_content_wrap\"><header class=\"entry-content-header\" aria-label=\"Icon: \"><\/header><div class='iconlist_content '  itemprop=\"text\" ><p>j\u0101izveido uz rezultat\u012bviem r\u0101d\u012bt\u0101jiem balst\u012bts augst\u0101k\u0101s izgl\u012bt\u012bbas finans\u0113\u0161anas modelis, par pamatu atst\u0101jot priorit\u0101ro virzienu finans\u0113\u0161anu;<\/p>\n<\/div><\/div><footer class=\"entry-footer\"><\/footer><\/article><div class=\"iconlist-timeline\"><\/div><\/li>\n<li><div class='iconlist_icon av-av_iconlist_item-c6391a91ef31fbe60cc63c7f0b55951e avia-font-entypo-fontello'><span class='iconlist-char' aria-hidden='true' data-av_icon='\ue812' data-av_iconfont='entypo-fontello'><\/span><\/div><article class=\"article-icon-entry \"  itemscope=\"itemscope\" itemtype=\"https:\/\/schema.org\/CreativeWork\" ><div class=\"iconlist_content_wrap\"><header class=\"entry-content-header\" aria-label=\"Icon: \"><\/header><div class='iconlist_content '  itemprop=\"text\" ><p>b\u016btiski j\u0101papla\u0161ina partner\u012bba starp universit\u0101ti un biznesa vidi. Tas efekt\u012bv\u0101k integr\u0113 universit\u0101tes tautsaimniec\u012bbas att\u012bst\u012bbas proces\u0101, veidojot ar\u012b cie\u0161\u0101ku sasaisti ar re\u0101lo darba tirgus piepras\u012bjumu;<\/p>\n<\/div><\/div><footer class=\"entry-footer\"><\/footer><\/article><div class=\"iconlist-timeline\"><\/div><\/li>\n<li><div class='iconlist_icon av-av_iconlist_item-c6391a91ef31fbe60cc63c7f0b55951e avia-font-entypo-fontello'><span class='iconlist-char' aria-hidden='true' data-av_icon='\ue812' data-av_iconfont='entypo-fontello'><\/span><\/div><article class=\"article-icon-entry \"  itemscope=\"itemscope\" itemtype=\"https:\/\/schema.org\/CreativeWork\" ><div class=\"iconlist_content_wrap\"><header class=\"entry-content-header\" aria-label=\"Icon: \"><\/header><div class='iconlist_content '  itemprop=\"text\" ><p>j\u0101turpina darbs pie universit\u0101tes augst\u0101k\u0101s izgl\u012bt\u012bbas kvalit\u0101tes paaugstin\u0101\u0161anas, att\u012bstot sadarb\u012bbu ar soci\u0101lajiem partneriem un \u0146emot v\u0113r\u0101 tautsaimniec\u012bbas intereses.<\/p>\n<\/div><\/div><footer class=\"entry-footer\"><\/footer><\/article><div class=\"iconlist-timeline\"><\/div><\/li>\n<\/ul><\/div><\/p><\/div>\n<div  class='flex_column av-av_one_fifth-b51168870d26eac9084c0e2dc495efe0 av_one_fifth  avia-builder-el-6  el_after_av_four_fifth  avia-builder-el-last  flex_column_div  '     ><p>\n<style type=\"text\/css\" data-created_by=\"avia_inline_auto\" id=\"style-css-av-av_heading-ec95ba1f348be386fa4409fa2329e054\">\n#top .av-special-heading.av-av_heading-ec95ba1f348be386fa4409fa2329e054{\npadding-bottom:10px;\n}\nbody .av-special-heading.av-av_heading-ec95ba1f348be386fa4409fa2329e054 .av-special-heading-tag .heading-char{\nfont-size:25px;\n}\n.av-special-heading.av-av_heading-ec95ba1f348be386fa4409fa2329e054 .av-subheading{\nfont-size:15px;\n}\n<\/style>\n<div  class='av-special-heading av-av_heading-ec95ba1f348be386fa4409fa2329e054 av-special-heading-h5  avia-builder-el-7  el_before_av_textblock  avia-builder-el-first '><h5 class='av-special-heading-tag '  itemprop=\"headline\"  >Pla\u0161\u0101ka inform\u0101cija<\/h5><div class=\"special-heading-border\"><div class=\"special-heading-inner-border\"><\/div><\/div><\/div><br \/>\n<section  class='av_textblock_section av-av_textblock-0366cc7376be6c9e82a3e9cc8987b64f '   itemscope=\"itemscope\" itemtype=\"https:\/\/schema.org\/CreativeWork\" ><div class='avia_textblock'  itemprop=\"text\" ><p><strong><a href=\"http:\/\/wpweb-prod.rtu.lv\/universitasuasociacija\/wp-content\/uploads\/sites\/16\/2014\/10\/LUA_kopsavilkums_Augstaka_izglitiba.pdf\">P\u0113t\u012bjuma kopsavilkums<\/a><\/strong><\/p>\n<p><strong><a href=\"http:\/\/wpweb-prod.rtu.lv\/universitasuasociacija\/wp-content\/uploads\/sites\/16\/2014\/10\/Universitasu_ieguldijums_Latvijas_tautsaimnieciba.pdf\">P\u0113t\u012bjums<\/a><\/strong><\/p>\n<p><strong><a href=\"http:\/\/wpweb-prod.rtu.lv\/universitasuasociacija\/wp-content\/uploads\/sites\/16\/2014\/10\/Universitasu_ieguldijums_tautsaimnieciba_absolventu_aptauja.pdf\">Absolventu aptauja<\/a><\/strong><\/p>\n<p><strong><a href=\"http:\/\/wpweb-prod.rtu.lv\/universitasuasociacija\/wp-content\/uploads\/sites\/16\/2014\/10\/Universitasu_ieguldijums_Latvijas_tautsaimnieciba_prezentacija.pdf\">P\u0113t\u012bjuma prezent\u0101cija<\/a><\/strong><\/p>\n<\/div><\/section><\/p><\/div>\n","protected":false},"excerpt":{"rendered":"","protected":false},"author":26,"featured_media":0,"parent":0,"menu_order":0,"comment_status":"closed","ping_status":"open","template":"","meta":{"_monsterinsights_skip_tracking":false,"_monsterinsights_sitenote_active":false,"_monsterinsights_sitenote_note":"","_monsterinsights_sitenote_category":0,"footnotes":""},"class_list":["post-290","page","type-page","status-publish","hentry"],"meta_box":[],"_links":{"self":[{"href":"https:\/\/lvua.lv\/index.php?rest_route=\/wp\/v2\/pages\/290","targetHints":{"allow":["GET"]}}],"collection":[{"href":"https:\/\/lvua.lv\/index.php?rest_route=\/wp\/v2\/pages"}],"about":[{"href":"https:\/\/lvua.lv\/index.php?rest_route=\/wp\/v2\/types\/page"}],"author":[{"embeddable":true,"href":"https:\/\/lvua.lv\/index.php?rest_route=\/wp\/v2\/users\/26"}],"replies":[{"embeddable":true,"href":"https:\/\/lvua.lv\/index.php?rest_route=%2Fwp%2Fv2%2Fcomments&post=290"}],"version-history":[{"count":8,"href":"https:\/\/lvua.lv\/index.php?rest_route=\/wp\/v2\/pages\/290\/revisions"}],"predecessor-version":[{"id":1401,"href":"https:\/\/lvua.lv\/index.php?rest_route=\/wp\/v2\/pages\/290\/revisions\/1401"}],"wp:attachment":[{"href":"https:\/\/lvua.lv\/index.php?rest_route=%2Fwp%2Fv2%2Fmedia&parent=290"}],"curies":[{"name":"wp","href":"https:\/\/api.w.org\/{rel}","templated":true}]}}