
{"id":269,"date":"2015-09-25T05:19:16","date_gmt":"2015-09-25T05:19:16","guid":{"rendered":"http:\/\/wpweb-prod.rtu.lv\/universitasuasociacija\/?page_id=269"},"modified":"2025-04-15T08:05:38","modified_gmt":"2025-04-15T08:05:38","slug":"par-asociaciju","status":"publish","type":"page","link":"https:\/\/lvua.lv\/","title":{"rendered":"PAR ASOCI\u0100CIJU"},"content":{"rendered":"\n<style type=\"text\/css\" data-created_by=\"avia_inline_auto\" id=\"style-css-av-27d359-f263c934fe2d05bd7a4bfd1755be4ef4\">\n#top .av-special-heading.av-27d359-f263c934fe2d05bd7a4bfd1755be4ef4{\npadding-bottom:10px;\n}\nbody .av-special-heading.av-27d359-f263c934fe2d05bd7a4bfd1755be4ef4 .av-special-heading-tag .heading-char{\nfont-size:25px;\n}\n.av-special-heading.av-27d359-f263c934fe2d05bd7a4bfd1755be4ef4 .av-subheading{\nfont-size:15px;\n}\n<\/style>\n<div  class='av-special-heading av-27d359-f263c934fe2d05bd7a4bfd1755be4ef4 av-special-heading-h3  avia-builder-el-0  el_before_av_two_third  avia-builder-el-first '><h3 class='av-special-heading-tag '  itemprop=\"headline\"  >PAR ASOCI\u0100CIJU<\/h3><div class=\"special-heading-border\"><div class=\"special-heading-inner-border\"><\/div><\/div><\/div>\n<div  class='flex_column av-20r73p-78774ac14e0ba5debe12cc858db33e60 av_two_third  avia-builder-el-1  el_after_av_heading  el_before_av_one_third  first flex_column_div  '     ><section  class='av_textblock_section av-1wbyul-233a94461814e2b69878b11e7d9c93cb '   itemscope=\"itemscope\" itemtype=\"https:\/\/schema.org\/CreativeWork\" ><div class='avia_textblock'  itemprop=\"text\" ><p style=\"text-align: justify\">Latvijas Universit\u0101\u0161u asoci\u0101cij\u0101 apvienoju\u0161\u0101s R\u012bgas Stradi\u0146a universit\u0101te, Latvijas Universit\u0101te, R\u012bgas Tehnisk\u0101 universit\u0101te, Latvijas Biozin\u0101t\u0146u un tehnolo\u0123iju universit\u0101te un Daugavpils Universit\u0101te. Asoci\u0101cija tika izveidota 2009.gad\u0101 ar nol\u016bku koordin\u0113t universit\u0101\u0161u darb\u012bbu un sadarboties svar\u012bgu jaut\u0101jumu risin\u0101\u0161an\u0101, t\u0101d\u0113j\u0101di veicinot augst\u0101k\u0101s izgl\u012bt\u012bbas un zin\u0101tnes att\u012bst\u012bbu un nostiprinot universit\u0101\u0161u l\u012bme\u0146a izgl\u012bt\u012bbu Latvij\u0101.<\/p>\n<\/div><\/section><br \/>\n\n<style type=\"text\/css\" data-created_by=\"avia_inline_auto\" id=\"style-css-av-1tf4xh-a68a9cdc4ef491c1a0be4a0cd46bd24d\">\n#top .av-special-heading.av-1tf4xh-a68a9cdc4ef491c1a0be4a0cd46bd24d{\npadding-bottom:10px;\n}\nbody .av-special-heading.av-1tf4xh-a68a9cdc4ef491c1a0be4a0cd46bd24d .av-special-heading-tag .heading-char{\nfont-size:25px;\n}\n.av-special-heading.av-1tf4xh-a68a9cdc4ef491c1a0be4a0cd46bd24d .av-subheading{\nfont-size:15px;\n}\n<\/style>\n<div  class='av-special-heading av-1tf4xh-a68a9cdc4ef491c1a0be4a0cd46bd24d av-special-heading-h3  avia-builder-el-3  el_after_av_textblock  el_before_av_iconlist '><h3 class='av-special-heading-tag '  itemprop=\"headline\"  >LATVIJAS UNIVERSIT\u0100\u0160U ASOCI\u0100CIJAS M\u0112R\u0136I<\/h3><div class=\"special-heading-border\"><div class=\"special-heading-inner-border\"><\/div><\/div><\/div><br \/>\n<div  class='avia-icon-list-container av-1n4b19-4c13099963087fc28a85399026ee5a06  avia-builder-el-4  el_after_av_heading  avia-builder-el-last '><ul class='avia-icon-list avia_animate_when_almost_visible avia-icon-list-left av-iconlist-big av-1n4b19-4c13099963087fc28a85399026ee5a06 avia-iconlist-animate'>\n<li><div class='iconlist_icon av-1ehuc5-992eec2e49e47d6a3b2a9e75d9155122 avia-font-entypo-fontello'><span class='iconlist-char' aria-hidden='true' data-av_icon='\ue812' data-av_iconfont='entypo-fontello'><\/span><\/div><article class=\"article-icon-entry \"  itemscope=\"itemscope\" itemtype=\"https:\/\/schema.org\/CreativeWork\" ><div class=\"iconlist_content_wrap\"><header class=\"entry-content-header\" aria-label=\"Icon: \"><\/header><div class='iconlist_content '  itemprop=\"text\" ><p>veicin\u0101t augst\u0101k\u0101s izgl\u012bt\u012bbas un zin\u0101tnes att\u012bst\u012bbu Latvij\u0101, atbalstot universit\u0101\u0161u devuma izgl\u012bt\u012bbas un zin\u0101tnes jom\u0101 pieaugumu un universit\u0101tes l\u012bme\u0146a izgl\u012bt\u012bbas nostiprin\u0101\u0161anos;<\/p>\n<\/div><\/div><footer class=\"entry-footer\"><\/footer><\/article><div class=\"iconlist-timeline\"><\/div><\/li>\n<li><div class='iconlist_icon av-4i999-e47df68bd61f7ae430e6fc976afb8ac7 avia-font-entypo-fontello'><span class='iconlist-char' aria-hidden='true' data-av_icon='\ue812' data-av_iconfont='entypo-fontello'><\/span><\/div><article class=\"article-icon-entry \"  itemscope=\"itemscope\" itemtype=\"https:\/\/schema.org\/CreativeWork\" ><div class=\"iconlist_content_wrap\"><header class=\"entry-content-header\" aria-label=\"Icon: \"><\/header><div class='iconlist_content '  itemprop=\"text\" ><p>r\u016bp\u0113ties par Asoci\u0101cijas biedru kop\u012bgo intere\u0161u p\u0101rst\u0101v\u012bbu Latvijas valsts un pa\u0161vald\u012bbu instit\u016bcij\u0101s, it \u012bpa\u0161i \u2013 l\u0113mumos, kas saist\u012bti ar augst\u0101k\u0101s izgl\u012bt\u012bbas un zin\u0101tnes att\u012bst\u012bbu;<\/p>\n<\/div><\/div><footer class=\"entry-footer\"><\/footer><\/article><div class=\"iconlist-timeline\"><\/div><\/li>\n<li><div class='iconlist_icon av-419dh-cca0b2460e7b638e25e4271d7a91a951 avia-font-entypo-fontello'><span class='iconlist-char' aria-hidden='true' data-av_icon='\ue812' data-av_iconfont='entypo-fontello'><\/span><\/div><article class=\"article-icon-entry \"  itemscope=\"itemscope\" itemtype=\"https:\/\/schema.org\/CreativeWork\" ><div class=\"iconlist_content_wrap\"><header class=\"entry-content-header\" aria-label=\"Icon: \"><\/header><div class='iconlist_content '  itemprop=\"text\" ><p>nepiecie\u0161am\u012bbas gad\u012bjum\u0101 p\u0101rst\u0101v\u0113t Asoci\u0101cijas biedrus Eiropas un starptautiskaj\u0101s universit\u0101\u0161u organiz\u0101cij\u0101s, veicinot Latvijas universit\u0101\u0161u att\u012bst\u012bbas intere\u0161u iev\u0113ro\u0161anu;<\/p>\n<\/div><\/div><footer class=\"entry-footer\"><\/footer><\/article><div class=\"iconlist-timeline\"><\/div><\/li>\n<li><div class='iconlist_icon av-yv65x-7256f22649b72a6879d66dc0915d5e3e avia-font-entypo-fontello'><span class='iconlist-char' aria-hidden='true' data-av_icon='\ue812' data-av_iconfont='entypo-fontello'><\/span><\/div><article class=\"article-icon-entry \"  itemscope=\"itemscope\" itemtype=\"https:\/\/schema.org\/CreativeWork\" ><div class=\"iconlist_content_wrap\"><header class=\"entry-content-header\" aria-label=\"Icon: \"><\/header><div class='iconlist_content '  itemprop=\"text\" ><p>veicin\u0101t Asoci\u0101cijas biedru att\u012bst\u012bbu un sadarb\u012bbu, atbalstot augst\u0101k\u0101s izgl\u012bt\u012bbas un zin\u0101tnes jomai b\u016btisku sadarb\u012bbas iniciat\u012bvu \u012bsteno\u0161anos.<\/p>\n<\/div><\/div><footer class=\"entry-footer\"><\/footer><\/article><div class=\"iconlist-timeline\"><\/div><\/li>\n<\/ul><\/div><\/p><\/div>\n<style type=\"text\/css\" data-created_by=\"avia_inline_auto\" id=\"style-css-av-swcd9-6611ed217b9cf9d12da0c5e35149a410\">\n.flex_column.av-swcd9-6611ed217b9cf9d12da0c5e35149a410{\nborder-radius:0px 0px 0px 0px;\npadding:0px 0px 0px 0px;\n}\n<\/style>\n<div  class='flex_column av-swcd9-6611ed217b9cf9d12da0c5e35149a410 av_one_third  avia-builder-el-5  el_after_av_two_third  avia-builder-el-last  flex_column_div av-zero-column-padding  '     ><p>\n<style type=\"text\/css\" data-created_by=\"avia_inline_auto\" id=\"style-css-av-kfpjp-fde9e408847a5310176811117710c3c8\">\n.avia-image-container.av-kfpjp-fde9e408847a5310176811117710c3c8 img.avia_image{\nbox-shadow:none;\n}\n.avia-image-container.av-kfpjp-fde9e408847a5310176811117710c3c8 .av-image-caption-overlay-center{\ncolor:#ffffff;\n}\n<\/style>\n<div  class='avia-image-container av-kfpjp-fde9e408847a5310176811117710c3c8 av-styling- avia-align-center  avia-builder-el-6  el_before_av_image  avia-builder-el-first '   itemprop=\"image\" itemscope=\"itemscope\" itemtype=\"https:\/\/schema.org\/ImageObject\" ><div class=\"avia-image-container-inner\"><div class=\"avia-image-overlay-wrap\"><img decoding=\"async\" fetchpriority=\"high\" class='wp-image-568 avia-img-lazy-loading-not-568 avia_image ' src=\"https:\/\/wpweb-prod.rtu.lv\/universitasuasociacija\/wp-content\/uploads\/sites\/16\/2015\/09\/5_OMS4407-300x200.jpg\" alt='' title='5_OMS4407'  height=\"200\" width=\"300\"  itemprop=\"thumbnailUrl\" srcset=\"https:\/\/wpweb-prod.rtu.lv\/universitasuasociacija\/wp-content\/uploads\/sites\/16\/2015\/09\/5_OMS4407-300x200.jpg 300w, https:\/\/wpweb-prod.rtu.lv\/universitasuasociacija\/wp-content\/uploads\/sites\/16\/2015\/09\/5_OMS4407-1030x687.jpg 1030w, https:\/\/wpweb-prod.rtu.lv\/universitasuasociacija\/wp-content\/uploads\/sites\/16\/2015\/09\/5_OMS4407-1500x1000.jpg 1500w, https:\/\/wpweb-prod.rtu.lv\/universitasuasociacija\/wp-content\/uploads\/sites\/16\/2015\/09\/5_OMS4407-705x470.jpg 705w, https:\/\/wpweb-prod.rtu.lv\/universitasuasociacija\/wp-content\/uploads\/sites\/16\/2015\/09\/5_OMS4407-450x300.jpg 450w\" sizes=\"(max-width: 300px) 100vw, 300px\" \/><\/div><\/div><\/div><br \/>\n\n<style type=\"text\/css\" data-created_by=\"avia_inline_auto\" id=\"style-css-av-fn5ct-21c8b725884a79f09247af0188773338\">\n.avia-image-container.av-fn5ct-21c8b725884a79f09247af0188773338 img.avia_image{\nbox-shadow:none;\n}\n.avia-image-container.av-fn5ct-21c8b725884a79f09247af0188773338 .av-image-caption-overlay-center{\ncolor:#ffffff;\n}\n<\/style>\n<div  class='avia-image-container av-fn5ct-21c8b725884a79f09247af0188773338 av-styling- avia-align-center  avia-builder-el-7  el_after_av_image  el_before_av_image '   itemprop=\"image\" itemscope=\"itemscope\" itemtype=\"https:\/\/schema.org\/ImageObject\" ><div class=\"avia-image-container-inner\"><div class=\"avia-image-overlay-wrap\"><img decoding=\"async\" fetchpriority=\"high\" class='wp-image-232 avia-img-lazy-loading-not-232 avia_image ' src=\"https:\/\/wpweb-prod.rtu.lv\/universitasuasociacija\/wp-content\/uploads\/sites\/16\/2014\/10\/memoranda_parakstisana_Helsinkos-300x188.jpg\" alt='' title='memoranda_parakstisana_Helsinkos'  height=\"188\" width=\"300\"  itemprop=\"thumbnailUrl\" srcset=\"https:\/\/wpweb-prod.rtu.lv\/universitasuasociacija\/wp-content\/uploads\/sites\/16\/2014\/10\/memoranda_parakstisana_Helsinkos-300x188.jpg 300w, https:\/\/wpweb-prod.rtu.lv\/universitasuasociacija\/wp-content\/uploads\/sites\/16\/2014\/10\/memoranda_parakstisana_Helsinkos-320x202.jpg 320w, https:\/\/wpweb-prod.rtu.lv\/universitasuasociacija\/wp-content\/uploads\/sites\/16\/2014\/10\/memoranda_parakstisana_Helsinkos-700x441.jpg 700w, https:\/\/wpweb-prod.rtu.lv\/universitasuasociacija\/wp-content\/uploads\/sites\/16\/2014\/10\/memoranda_parakstisana_Helsinkos.jpg 900w\" sizes=\"(max-width: 300px) 100vw, 300px\" \/><\/div><\/div><\/div><br \/>\n\n<style type=\"text\/css\" data-created_by=\"avia_inline_auto\" id=\"style-css-av-8hinx-c2cef48eb5f40e6b7878bc193070c012\">\n.avia-image-container.av-8hinx-c2cef48eb5f40e6b7878bc193070c012 img.avia_image{\nbox-shadow:none;\n}\n.avia-image-container.av-8hinx-c2cef48eb5f40e6b7878bc193070c012 .av-image-caption-overlay-center{\ncolor:#ffffff;\n}\n<\/style>\n<div  class='avia-image-container av-8hinx-c2cef48eb5f40e6b7878bc193070c012 av-styling- avia-align-center  avia-builder-el-8  el_after_av_image  avia-builder-el-last '   itemprop=\"image\" itemscope=\"itemscope\" itemtype=\"https:\/\/schema.org\/ImageObject\" ><div class=\"avia-image-container-inner\"><div class=\"avia-image-overlay-wrap\"><img decoding=\"async\" fetchpriority=\"high\" class='wp-image-107 avia-img-lazy-loading-not-107 avia_image ' src=\"https:\/\/wpweb-prod.rtu.lv\/universitasuasociacija\/wp-content\/uploads\/sites\/16\/2014\/10\/CRW_8192-300x199.jpg\" alt='' title=''  height=\"199\" width=\"300\"  itemprop=\"thumbnailUrl\" srcset=\"https:\/\/wpweb-prod.rtu.lv\/universitasuasociacija\/wp-content\/uploads\/sites\/16\/2014\/10\/CRW_8192-300x199.jpg 300w, https:\/\/wpweb-prod.rtu.lv\/universitasuasociacija\/wp-content\/uploads\/sites\/16\/2014\/10\/CRW_8192.jpg 800w\" sizes=\"(max-width: 300px) 100vw, 300px\" \/><\/div><\/div><\/div><\/p><\/div><\/p>\n","protected":false},"excerpt":{"rendered":"","protected":false},"author":26,"featured_media":0,"parent":0,"menu_order":0,"comment_status":"closed","ping_status":"open","template":"","meta":{"_monsterinsights_skip_tracking":false,"_monsterinsights_sitenote_active":false,"_monsterinsights_sitenote_note":"","_monsterinsights_sitenote_category":0,"footnotes":""},"class_list":["post-269","page","type-page","status-publish","hentry"],"meta_box":[],"_links":{"self":[{"href":"https:\/\/lvua.lv\/index.php?rest_route=\/wp\/v2\/pages\/269","targetHints":{"allow":["GET"]}}],"collection":[{"href":"https:\/\/lvua.lv\/index.php?rest_route=\/wp\/v2\/pages"}],"about":[{"href":"https:\/\/lvua.lv\/index.php?rest_route=\/wp\/v2\/types\/page"}],"author":[{"embeddable":true,"href":"https:\/\/lvua.lv\/index.php?rest_route=\/wp\/v2\/users\/26"}],"replies":[{"embeddable":true,"href":"https:\/\/lvua.lv\/index.php?rest_route=%2Fwp%2Fv2%2Fcomments&post=269"}],"version-history":[{"count":5,"href":"https:\/\/lvua.lv\/index.php?rest_route=\/wp\/v2\/pages\/269\/revisions"}],"predecessor-version":[{"id":1472,"href":"https:\/\/lvua.lv\/index.php?rest_route=\/wp\/v2\/pages\/269\/revisions\/1472"}],"wp:attachment":[{"href":"https:\/\/lvua.lv\/index.php?rest_route=%2Fwp%2Fv2%2Fmedia&parent=269"}],"curies":[{"name":"wp","href":"https:\/\/api.w.org\/{rel}","templated":true}]}}